{"id":119,"date":"2018-10-16T12:24:35","date_gmt":"2018-10-16T12:24:35","guid":{"rendered":"http:\/\/91.220.156.17\/?page_id=119"},"modified":"2025-08-29T08:52:48","modified_gmt":"2025-08-29T07:52:48","slug":"solska-prehrana","status":"publish","type":"page","link":"https:\/\/www.oslivade.si\/?page_id=119","title":{"rendered":"\u0160OLSKA PREHRANA"},"content":{"rendered":"<p>[vc_row][vc_column][vc_column_text]<\/p>\n<p>Za u\u010dence pripravljamo v na\u0161i kuhinji <strong>zajtrk, dopoldansko malico, kosilo in popoldansko malico<\/strong> (za na\u0161o \u0161olo pripravljajo kosila na O\u0160 Vojke \u0160muc):<br \/>\n&#8211; zajtrk (namenjen vsem prijavljenim u\u010dencem v jutranjem varstvu);<br \/>\n&#8211; dopoldanska malica (namenjena vsem u\u010dencem);<br \/>\n&#8211; kosilo (namenjeno vsem u\u010dencem, obvezno za u\u010dence v podalj\u0161anem bivanju; priporo\u010damo u\u010dencem, ki imajo izbirne predmete 7. \u0161olsko uro);<br \/>\npopoldanska malica (za u\u010dence v podalj\u0161anem bivanju).<\/p>\n<p>Pripravljamo tudi<strong> dietne malice po priporo\u010dilu zdravnika , zdravni\u0161ko potrdilo je potrebno prilo\u017eiti za teko\u010de leto<\/strong>.<strong> Prina\u0161anje hrane v \u0161olo ni dovoljeno<\/strong>, pija\u010do ( vodo) lahko prinesejo u\u010denci v \u0161olo v svoji stekleni\u010dki.<\/p>\n<p>Star\u0161i, skrbniki in druge osebe, pri katerih so posamezni u\u010denci v oskrbi, lahko odjavijo posamezni obrok \u0161olske prehrane.<br \/>\nPosamezni obrok \u0161olske prehrane odjavijo star\u0161i:<br \/>\n&#8211; po e-po\u0161ti: <strong>prehrana@oslivade.si<\/strong><br \/>\n&#8211; po telefonu na \u0161tevilko: <strong>05 662 55 63<\/strong><\/p>\n<p>Posamezni dnevni obrok \u2013 <strong>ZAJTRK<\/strong> je pravo\u010dasno odjavljen, \u010de se ga <strong>odjavi<\/strong>:<br \/>\n&#8211; <strong>vsaj en delovni dan pred odsotnostjo u\u010denca, in sicer do 8.00 ure.<\/strong><br \/>\nPosamezni dnevni obrok \u2013<strong> MALICA , KOSILO in POPOLDANSKA MALICA<\/strong> je pravo\u010dasno odjavljen, \u010de se ga <strong>odjavi:<\/strong><br \/>\n&#8211; <strong>isti dan odsotnosti u\u010denca pred za\u010detkom pouka, in sicer do 8.00 ure.<\/strong><\/p>\n<p>\u0160ola odjavi posamezni obrok \u0161olske prehrane za u\u010denca, ki je odsoten od pouka zaradi sodelovanja pri:<br \/>\n&#8211; \u0161portnih,<br \/>\n&#8211; kulturnih in<br \/>\n&#8211; drugih tekmovanjih ter sre\u010danjih, na katerih sodeluje v imenu \u0161ole.<\/p>\n<p>U\u010dencu, ki je odjavil \u0161olsko prehrano zaradi odsotnosti, bo ponovno zagotovljen posamezni obrok \u0161olske prehrane, \u010de star\u0161i \u0161e<strong> isti dan pred za\u010detkom pouka do 8.00 ure<\/strong> obvestijo administratorko v ra\u010dunovodstvu o njegovi ponovni prisotnosti pri pouku.<\/p>\n<p>Stro\u0161ke prehrane lahko poravnate s <strong>posebnimi polo\u017enicami<\/strong> ali preko <strong>trajnika<\/strong> do predpisanega datuma.<\/p>\n<p>Na \u0161oli bo organizirana prehrana za vse u\u010dence od 1. do 9. razreda.<br \/>\nZ malico, malico RAP in kosilom bomo pri\u010deli s<strong> 1. 9. 2025.<\/strong><\/p>\n<p><strong>CENIK \u0160OLSKE PREHRANE 2025\/2026<\/strong><\/p>\n<table id=\"table2\" style=\"width: 30%;\">\n<tbody>\n<tr>\n<th><strong>VRSTA OBROKA<\/strong><\/th>\n<th><strong>CENA<\/strong><\/th>\n<\/tr>\n<tr>\n<td>Zajtrk<\/td>\n<td>0,81 \u20ac<\/td>\n<\/tr>\n<tr>\n<td>Malica<\/td>\n<td>1,10 \u20ac<\/td>\n<\/tr>\n<tr>\n<td>Malica v RAP<\/td>\n<td>1,03 \u20ac<\/td>\n<\/tr>\n<tr>\n<td>Kosilo malo (1. do 5. razred)<\/td>\n<td>3,40 \u20ac<\/td>\n<\/tr>\n<tr>\n<td>Kosilo veliko (6. do 9. razred)<\/td>\n<td>3,90 \u20ac<\/td>\n<\/tr>\n<\/tbody>\n<\/table>\n<p>KOSILA organiziramo v sodelovanju z Osnovno \u0161olo Vojke \u0160muc, zato Vas napro\u0161amo, da:<\/p>\n<ul>\n<li>poravnate denarne obveznosti za teko\u010di mesec do datuma, napisanega na polo\u017enici;<\/li>\n<li>va\u0161o namero o odjavi kosil za dalj\u0161e obdobje sporo\u010dite do prvega v mesecu;<\/li>\n<li>za u\u010dence, ki imajo izbirne predmete in niso naro\u010deni na kosilo, priporo\u010damo, da se pravo\u010dasno <strong>ob\u010dasno prijavijo na kosila<\/strong> (npr. le ob dolo\u010denih dnevih).<\/li>\n<\/ul>\n<p><strong>Vse dodatne informacije v zvezi z odjavo in ponovno prijavo obrokov vam bomo posredovali na 1. roditeljskem sestanku. Pogodbo o prehrani boste prejeli po po\u0161ti.<\/strong><\/p>\n<p><strong>Izpolnjeno pogodbo in obrazec bodo u\u010denci oddali razredni\u010darki v \u0161oli do dogovorjenega datuma.<\/strong><\/p>\n<p><strong>&nbsp;<\/strong><\/p>\n<p><strong>&nbsp;<\/strong><\/p>\n<p>Ravnateljica&nbsp;&nbsp;&nbsp;&nbsp;&nbsp;&nbsp;&nbsp;&nbsp;&nbsp;&nbsp;&nbsp;&nbsp;&nbsp;&nbsp;&nbsp;&nbsp;&nbsp;&nbsp;&nbsp;&nbsp;&nbsp;&nbsp;&nbsp;&nbsp;&nbsp;&nbsp;&nbsp;&nbsp;&nbsp;&nbsp;&nbsp;&nbsp;&nbsp;&nbsp;&nbsp;&nbsp;&nbsp;&nbsp;&nbsp;&nbsp;&nbsp;&nbsp;&nbsp;&nbsp;&nbsp;&nbsp;&nbsp;&nbsp;&nbsp;&nbsp;&nbsp;&nbsp;&nbsp;&nbsp;&nbsp;&nbsp;&nbsp;&nbsp;&nbsp;&nbsp;&nbsp;&nbsp;&nbsp;&nbsp;&nbsp;&nbsp;&nbsp;&nbsp;&nbsp;&nbsp;&nbsp;&nbsp;&nbsp;&nbsp;&nbsp;&nbsp;&nbsp;&nbsp;&nbsp;&nbsp;&nbsp;&nbsp;&nbsp;&nbsp;&nbsp;&nbsp;&nbsp;&nbsp;&nbsp; Organizatorka \u0161olske prehrane<\/p>\n<p>Maja Cetin&nbsp; &nbsp; &nbsp; &nbsp; &nbsp; &nbsp; &nbsp; &nbsp; &nbsp; &nbsp; &nbsp; &nbsp; &nbsp; &nbsp; &nbsp; &nbsp; &nbsp; &nbsp; &nbsp; &nbsp; &nbsp; &nbsp; &nbsp; &nbsp; &nbsp; &nbsp; &nbsp; &nbsp; &nbsp; &nbsp; &nbsp; &nbsp; &nbsp; &nbsp; &nbsp; &nbsp; &nbsp; &nbsp; &nbsp; &nbsp; &nbsp; &nbsp; &nbsp; &nbsp; &nbsp; &nbsp; &nbsp;Janja Prelec<\/p>\n<p>&nbsp;<\/p>\n<p>Izola, 1.9.2025<\/p>\n<p><strong>Ankete o zadovoljstvu glede \u0161olske prehrane<\/strong><\/p>\n<p><a href=\"https:\/\/1ka.arnes.si\/a\/08220470\" target=\"_blank\" rel=\"noreferrer noopener\" data-type=\"link\" data-id=\"https:\/\/1ka.arnes.si\/a\/08220470\">Zadovoljstvo star\u0161ev o spremljevalnih dejavnostih na \u0161oli (zdravo, kulturno prehranjevanje) &#8211; 1KA | Spletne ankete<\/a><br \/>\n<a href=\"https:\/\/1ka.arnes.si\/a\/b52311aa\">Anketa &#8211; spremlj. dej. prehrana 2023\/24<\/a><br \/>\n<a href=\"https:\/\/1ka.arnes.si\/a\/783e781d\">Anketa &#8211; \u0161olska malica 2023\/24<\/a><br \/>\n<a href=\"https:\/\/1ka.arnes.si\/a\/22cd430f\">Anketa &#8211; kosilo 2023\/24<\/a><\/p>\n<p>[\/vc_column_text][\/vc_column][\/vc_row]<\/p>\n","protected":false},"excerpt":{"rendered":"<p>[vc_row][vc_column][vc_column_text] Za u\u010dence pripravljamo v na\u0161i kuhinji zajtrk, dopoldansko malico, kosilo in popoldansko malico (za na\u0161o \u0161olo pripravljajo kosila na&nbsp;<a href=\"https:\/\/www.oslivade.si\/?page_id=119\">&hellip;<\/a><\/p>\n","protected":false},"author":1,"featured_media":0,"parent":103,"menu_order":0,"comment_status":"closed","ping_status":"closed","template":"","meta":{"ngg_post_thumbnail":0,"footnotes":""},"class_list":["post-119","page","type-page","status-publish","hentry","odd"],"_links":{"self":[{"href":"https:\/\/www.oslivade.si\/index.php?rest_route=\/wp\/v2\/pages\/119"}],"collection":[{"href":"https:\/\/www.oslivade.si\/index.php?rest_route=\/wp\/v2\/pages"}],"about":[{"href":"https:\/\/www.oslivade.si\/index.php?rest_route=\/wp\/v2\/types\/page"}],"author":[{"embeddable":true,"href":"https:\/\/www.oslivade.si\/index.php?rest_route=\/wp\/v2\/users\/1"}],"replies":[{"embeddable":true,"href":"https:\/\/www.oslivade.si\/index.php?rest_route=%2Fwp%2Fv2%2Fcomments&post=119"}],"version-history":[{"count":42,"href":"https:\/\/www.oslivade.si\/index.php?rest_route=\/wp\/v2\/pages\/119\/revisions"}],"predecessor-version":[{"id":17783,"href":"https:\/\/www.oslivade.si\/index.php?rest_route=\/wp\/v2\/pages\/119\/revisions\/17783"}],"up":[{"embeddable":true,"href":"https:\/\/www.oslivade.si\/index.php?rest_route=\/wp\/v2\/pages\/103"}],"wp:attachment":[{"href":"https:\/\/www.oslivade.si\/index.php?rest_route=%2Fwp%2Fv2%2Fmedia&parent=119"}],"curies":[{"name":"wp","href":"https:\/\/api.w.org\/{rel}","templated":true}]}}