{"id":1235,"date":"2018-11-12T15:26:33","date_gmt":"2018-11-12T13:26:33","guid":{"rendered":"http:\/\/91.220.156.17\/?page_id=1235"},"modified":"2018-11-12T15:40:47","modified_gmt":"2018-11-12T13:40:47","slug":"verstva-in-etika-i-ii-iii","status":"publish","type":"page","link":"https:\/\/www.oslivade.si\/?page_id=1235","title":{"rendered":"VERSTVA IN ETIKA I, II, III"},"content":{"rendered":"<p>[vc_row][vc_column width=&#8221;1\/3&#8243;][vc_single_image image=&#8221;1244&#8243; img_size=&#8221;medium&#8221;][\/vc_column][vc_column width=&#8221;2\/3&#8243;][vc_column_text]<\/p>\n<table id=\"table2\">\n<tbody>\n<tr>\n<th colspan=\"2\">VERSTVA IN ETIKA I, II, III<\/th>\n<\/tr>\n<tr>\n<td width=\"200\">\u0160tevilo ur tedensko:<\/td>\n<td>1<\/td>\n<\/tr>\n<tr>\n<td>Izbira:<\/td>\n<td>Triletni predmet 7., 8. in 9. razred<\/td>\n<\/tr>\n<tr>\n<td>Nosilec:<\/td>\n<td>Karmen Bubni\u010d<\/td>\n<\/tr>\n<\/tbody>\n<\/table>\n<p>[\/vc_column_text][\/vc_column][\/vc_row][vc_row][vc_column][vc_column_text]Predmet u\u010dencem omogo\u010da, da raz\u0161irijo znanje, ki ga o verstvih in etiki pridobijo pri obveznih skupnih predmetih. Mo\u017eno ga je obiskovati eno, dve ali tri leta. Vsako leto se obravnavajo razli\u010dni tematski sklopi, ki pa so \u0161e dodatno razdeljeni na obvezne, obvezno izbirne in neobvezne teme.<\/p>\n<ul>\n<li>I. (7. r.) Obravnavajo se temeljni pojmi o nastanku religij in svet velikih (svetovnih) religij.<\/li>\n<li>II. (8. r.) Religije se obravnavajo poglobljeno s spoznavanjem njihovega obredja, simbolizma in odnosa do drugih skupnosti.<\/li>\n<li>III. (9. r.)Temeljna in te\u017ei\u0161\u010dna kategorija je oseba, njena odgovorna dejavnost v svetu in skupnostih. Religio\u0161ki del je usmerjen na obravnavanje kr\u0161\u010danstva, njegovih virov in smeri s poudarkom na katoli\u0161ki veri in njenem delovanju v slovenskem prostoru.<\/li>\n<\/ul>\n<p>Splo\u0161ni cilj predmeta je pridobivanje objektivnega znanja in razgledanosti na podro\u010dju, ki ga predmet obravnava in s tem oblikovanje odgovorne samozavestne osebnosti, ki je pripravljena sprejemati druga\u010dnost in biti strpna in tolerantna do druga\u010dnosti.[\/vc_column_text][\/vc_column][\/vc_row]<\/p>\n","protected":false},"excerpt":{"rendered":"<p>[vc_row][vc_column width=&#8221;1\/3&#8243;][vc_single_image image=&#8221;1244&#8243; img_size=&#8221;medium&#8221;][\/vc_column][vc_column width=&#8221;2\/3&#8243;][vc_column_text] VERSTVA IN ETIKA I, II, III \u0160tevilo ur tedensko: 1 Izbira: Triletni predmet 7., 8.&nbsp;<a href=\"https:\/\/www.oslivade.si\/?page_id=1235\">&hellip;<\/a><\/p>\n","protected":false},"author":1,"featured_media":0,"parent":0,"menu_order":0,"comment_status":"closed","ping_status":"closed","template":"","meta":{"ngg_post_thumbnail":0,"footnotes":""},"class_list":["post-1235","page","type-page","status-publish","hentry","odd"],"_links":{"self":[{"href":"https:\/\/www.oslivade.si\/index.php?rest_route=\/wp\/v2\/pages\/1235"}],"collection":[{"href":"https:\/\/www.oslivade.si\/index.php?rest_route=\/wp\/v2\/pages"}],"about":[{"href":"https:\/\/www.oslivade.si\/index.php?rest_route=\/wp\/v2\/types\/page"}],"author":[{"embeddable":true,"href":"https:\/\/www.oslivade.si\/index.php?rest_route=\/wp\/v2\/users\/1"}],"replies":[{"embeddable":true,"href":"https:\/\/www.oslivade.si\/index.php?rest_route=%2Fwp%2Fv2%2Fcomments&post=1235"}],"version-history":[{"count":2,"href":"https:\/\/www.oslivade.si\/index.php?rest_route=\/wp\/v2\/pages\/1235\/revisions"}],"predecessor-version":[{"id":1245,"href":"https:\/\/www.oslivade.si\/index.php?rest_route=\/wp\/v2\/pages\/1235\/revisions\/1245"}],"wp:attachment":[{"href":"https:\/\/www.oslivade.si\/index.php?rest_route=%2Fwp%2Fv2%2Fmedia&parent=1235"}],"curies":[{"name":"wp","href":"https:\/\/api.w.org\/{rel}","templated":true}]}}