{"id":1285,"date":"2018-11-12T16:19:00","date_gmt":"2018-11-12T14:19:00","guid":{"rendered":"http:\/\/91.220.156.17\/?page_id=1285"},"modified":"2023-04-14T09:55:33","modified_gmt":"2023-04-14T08:55:33","slug":"prehrana-sodobna-priprava-hrane","status":"publish","type":"page","link":"https:\/\/www.oslivade.si\/?page_id=1285","title":{"rendered":"PREHRANA: SODOBNA PRIPRAVA HRANE"},"content":{"rendered":"<p>[vc_row][vc_column width=&#8221;1\/3&#8243;][vc_single_image image=&#8221;1287&#8243; img_size=&#8221;medium&#8221;][\/vc_column][vc_column width=&#8221;2\/3&#8243;][vc_column_text]<\/p>\n<table id=\"table2\">\n<tbody>\n<tr>\n<th colspan=\"2\">Prehrana: Sodobna priprava hrane<\/th>\n<\/tr>\n<tr>\n<td width=\"200\">\u0160tevilo ur tedensko:<\/td>\n<td>1<\/td>\n<\/tr>\n<tr>\n<td>Izbira:<\/td>\n<td>Enoletni predmet za 7. in 8. razred<\/td>\n<\/tr>\n<tr>\n<td>Nosilec:<\/td>\n<td>Janja Prelec<\/td>\n<\/tr>\n<\/tbody>\n<\/table>\n<p>[\/vc_column_text][\/vc_column][\/vc_row][vc_row][vc_column][vc_column_text]<strong>Cilji:<\/strong><br \/>\n\u2022 U\u010denci sintetizirajo podro\u010dja zdrave prehrane.<br \/>\n\u2022 Razvijajo sposobnosti uporabe povezovanja in tvornega mi\u0161ljenja za preudarno odlo\u010danje o lastni prehrani v smislu zagotavljanja zdravja<br \/>\n\u2022 Nadgrajujejo vsebine, ki so jih dobili pri rednem predmetu gospodinjstvo<br \/>\n\u2022 Poglabljajo znanja predvsem v smislu usmerjanja v nadaljnje \u0161olanje na agro\u017eivilskih, gostinsko-turisti\u010dnih in zdravstvenih \u0161olah.<br \/>\n\u2022 Razvijajo individualno ustvarjalnost.<\/p>\n<p>Pri izbirnem predmetu SODOBNA PRIPRAVA HRANE se bo u\u010denec nau\u010dil vse o prehrani, kar ga bo spremljala v vsakdanjem \u017eivljenju, saj je hrana osnovna potreba organizma. \u010ce je ustrezno izbrana in pripravljena, ohranja in varuje na\u0161e zdravje. Zdravje pa je na\u0161e najve\u010dje bogastvo.<\/p>\n<p>Spoznali bodo pravilno razporeditev hrane prek celega dne in nepravilnosti v prehranjevanju, ki lahko povzro\u010dajo slab\u0161anje zdravja ali celo deficitarne bolezni. Imeli bomo pa tudi veliko prakti\u010dnega dela s pripravo hrane v kuhinji.[\/vc_column_text][\/vc_column][\/vc_row]<\/p>\n","protected":false},"excerpt":{"rendered":"<p>[vc_row][vc_column width=&#8221;1\/3&#8243;][vc_single_image image=&#8221;1287&#8243; img_size=&#8221;medium&#8221;][\/vc_column][vc_column width=&#8221;2\/3&#8243;][vc_column_text] Prehrana: Sodobna priprava hrane \u0160tevilo ur tedensko: 1 Izbira: Enoletni predmet za 7. in 8.&nbsp;<a href=\"https:\/\/www.oslivade.si\/?page_id=1285\">&hellip;<\/a><\/p>\n","protected":false},"author":1,"featured_media":0,"parent":0,"menu_order":0,"comment_status":"closed","ping_status":"closed","template":"","meta":{"ngg_post_thumbnail":0,"footnotes":""},"class_list":["post-1285","page","type-page","status-publish","hentry","odd"],"_links":{"self":[{"href":"https:\/\/www.oslivade.si\/index.php?rest_route=\/wp\/v2\/pages\/1285"}],"collection":[{"href":"https:\/\/www.oslivade.si\/index.php?rest_route=\/wp\/v2\/pages"}],"about":[{"href":"https:\/\/www.oslivade.si\/index.php?rest_route=\/wp\/v2\/types\/page"}],"author":[{"embeddable":true,"href":"https:\/\/www.oslivade.si\/index.php?rest_route=\/wp\/v2\/users\/1"}],"replies":[{"embeddable":true,"href":"https:\/\/www.oslivade.si\/index.php?rest_route=%2Fwp%2Fv2%2Fcomments&post=1285"}],"version-history":[{"count":6,"href":"https:\/\/www.oslivade.si\/index.php?rest_route=\/wp\/v2\/pages\/1285\/revisions"}],"predecessor-version":[{"id":15018,"href":"https:\/\/www.oslivade.si\/index.php?rest_route=\/wp\/v2\/pages\/1285\/revisions\/15018"}],"wp:attachment":[{"href":"https:\/\/www.oslivade.si\/index.php?rest_route=%2Fwp%2Fv2%2Fmedia&parent=1285"}],"curies":[{"name":"wp","href":"https:\/\/api.w.org\/{rel}","templated":true}]}}