{"id":12874,"date":"2022-02-04T10:59:13","date_gmt":"2022-02-04T10:59:13","guid":{"rendered":"https:\/\/www.oslivade.si\/?page_id=12874"},"modified":"2026-02-03T12:47:14","modified_gmt":"2026-02-03T11:47:14","slug":"vpis-v-prvi-razred-2022-23","status":"publish","type":"page","link":"https:\/\/www.oslivade.si\/?page_id=12874","title":{"rendered":"Vpis v prvi razred 2026\/27"},"content":{"rendered":"<p style=\"text-align: center;\"><strong>VPIS V 1. RAZRED ZA \u0160OLSKO LETO 2026\/2027<\/strong><\/p>\n<p style=\"text-align: center;\">Spo\u0161tovani star\u0161i,<\/p>\n<p style=\"text-align: center;\">obve\u0161\u010damo vas, da bo vpis otrok v 1. razred za \u0161olsko leto 2026\/2027 potekal<\/p>\n<p style=\"text-align: center;\"><strong>v ponedeljek, 9. 2. 2026, od 8.00 do 15.00 in<\/strong><\/p>\n<p style=\"text-align: center;\"><strong>v torek, 10. 2. 2026, od 8.00 do 16.30<\/strong><\/p>\n<p style=\"text-align: center;\">v pisarni \u0161olske svetovalne slu\u017ebe.<\/p>\n<p style=\"text-align: center;\">Prosimo vas, da s seboj prinesete otrokov osebni dokument ali rojstni list in svojo dav\u010dno \u0161tevilko.<\/p>\n<p style=\"text-align: center;\">Na vpis so lepo vabljeni tudi otroci \u2013 bodo\u010di prvo\u0161olci!<\/p>\n<p style=\"text-align: center;\">Za dodatne informacije smo vam na razpolago na telefonski \u0161tevilki 05 662 55 76 ali preko e-po\u0161te&nbsp;<a href=\"mailto:simona.kleva@oslivade.si\">simona.kleva@oslivade.si<\/a>.<\/p>\n<p><strong>Pogoji za vpis<\/strong><\/p>\n<p>Na podlagi 44. do 49. \u010dlena Zakona o osnovni \u0161oli (Uradni list RS, \u0161t. 81\/06 \u2013 uradno pre\u010di\u0161\u010deno besedilo, 102\/07, 107\/10, 87\/11, 40\/12 \u2013 ZUJF, 63\/13, 46\/16 \u2013 ZOFVI-K, 76\/23, 16\/24 in 54\/25, v nadaljevanju: ZOsn) morajo star\u0161i v 1. razred osnovne \u0161ole vpisati otroke, ki bodo v koledarskem letu, v katerem bodo za\u010deli obiskovati \u0161olo, dopolnili starost 6 let.<\/p>\n<p>Vpis v 1. razred poteka v mesecu februarju za naslednje \u0161olsko leto. Za \u0161olsko leto 2026\/2027 bomo vpisovali otroke, ki so rojeni med 1. 1. 2020 in 31. 12. 2020.<\/p>\n<p>Star\u0161i, katerih otroci imajo prijavljeno stalno ali za\u010dasno prebivali\u0161\u010de v okoli\u0161u na\u0161e \u0161ole, na dom prejmejo vabilo za vpis.<\/p>\n<p><strong>\u0160olski okoli\u0161<\/strong><\/p>\n<p>Star\u0161i vpi\u0161ejo otroka v javno ali v zasebno osnovno \u0161olo s koncesijo v \u0161olskem okoli\u0161u, v katerem otrok stalno ali za\u010dasno prebiva.<\/p>\n<p>V primeru, da \u017eelijo star\u0161i otroka vpisati na \u0161olo v drugem \u0161olskem okoli\u0161u, morajo na mati\u010dni \u0161oli vpis vseeno opraviti, nato pa na \u017eeleni \u0161oli najkasneje v \u0161tirinajstih dneh po izteku roka za vpis oddati pisno vlogo, v kateri navedejo razloge za prepis. V drugo osnovno \u0161olo lahko star\u0161i vpi\u0161ejo otroka, \u010de ta \u0161ola s tem sogla\u0161a.<\/p>\n<p>Vlogo za prepis \u0161olskega novinca na O\u0160 Livade Izola dobite v \u0161olski svetovalni slu\u017ebi ali na spletni strani \u0161ole.<\/p>\n<p><strong>Ugotavljanje pripravljenosti\/odlo\u017eitev \u0161olanja<\/strong><\/p>\n<p>Ob vpisu otroka v osnovno \u0161olo se lahko na \u017eeljo star\u0161ev ugotavlja pripravljenost otroka za vstop v \u0161olo. \u010ce star\u0161i predlagajo odlo\u017eitev \u0161olanja, ker menijo, da njihov otrok ni pripravljen za vstop v \u0161olo, oziroma \u010de odlo\u017eitev \u0161olanja predlaga zdravstvena slu\u017eba, je ugotavljanje pripravljenosti otroka za vstop v \u0161olo obvezno.<\/p>\n<p>O odlo\u017eitvi za\u010detka \u0161olanja odlo\u010di ravnatelj na podlagi obrazlo\u017eenega mnenja strokovne komisije, ki jo imenuje ravnatelj in jo sestavljajo \u0161olski zdravnik, svetovalni delavec ter vzgojitelj oz. u\u010ditelj.<\/p>\n<p><strong>Odlo\u017eitev \u0161olanja med \u0161olskim letom<\/strong><\/p>\n<p style=\"text-align: left;\">U\u010dencu se med \u0161olskim letom v prvem razredu lahko na predlog \u0161olske svetovalne slu\u017ebe, \u0161olske zdravstvene slu\u017ebe ali komisije za usmerjanje v soglasju s star\u0161i iz zdravstvenih in drugih razlogov odlo\u017ei \u0161olanje za eno leto.<\/p>\n<p><a href=\"https:\/\/www.oslivade.si\/wp-content\/uploads\/2026\/02\/Vloga-za-prepis-v-solo-izven-solskega-okolisa.pdf\"><strong>Vloga za prepis v \u0161olo izven \u0161olskega okoli\u0161a<\/strong><\/a><\/p>\n<p><a href=\"https:\/\/www.oslivade.si\/wp-content\/uploads\/2026\/02\/Vloga-za-odlozitev-solanja-otroka.pdf\"><strong>Vloga za odlog \u0161olanja otroka<\/strong><\/a><\/p>\n\n\n<p><\/p>\n","protected":false},"excerpt":{"rendered":"<p>VPIS V 1. RAZRED ZA \u0160OLSKO LETO 2026\/2027 Spo\u0161tovani star\u0161i, obve\u0161\u010damo vas, da bo vpis otrok v 1. razred za&nbsp;<a href=\"https:\/\/www.oslivade.si\/?page_id=12874\">&hellip;<\/a><\/p>\n","protected":false},"author":3,"featured_media":0,"parent":0,"menu_order":0,"comment_status":"closed","ping_status":"closed","template":"","meta":{"ngg_post_thumbnail":0,"footnotes":""},"class_list":["post-12874","page","type-page","status-publish","hentry","odd"],"_links":{"self":[{"href":"https:\/\/www.oslivade.si\/index.php?rest_route=\/wp\/v2\/pages\/12874"}],"collection":[{"href":"https:\/\/www.oslivade.si\/index.php?rest_route=\/wp\/v2\/pages"}],"about":[{"href":"https:\/\/www.oslivade.si\/index.php?rest_route=\/wp\/v2\/types\/page"}],"author":[{"embeddable":true,"href":"https:\/\/www.oslivade.si\/index.php?rest_route=\/wp\/v2\/users\/3"}],"replies":[{"embeddable":true,"href":"https:\/\/www.oslivade.si\/index.php?rest_route=%2Fwp%2Fv2%2Fcomments&post=12874"}],"version-history":[{"count":21,"href":"https:\/\/www.oslivade.si\/index.php?rest_route=\/wp\/v2\/pages\/12874\/revisions"}],"predecessor-version":[{"id":18178,"href":"https:\/\/www.oslivade.si\/index.php?rest_route=\/wp\/v2\/pages\/12874\/revisions\/18178"}],"wp:attachment":[{"href":"https:\/\/www.oslivade.si\/index.php?rest_route=%2Fwp%2Fv2%2Fmedia&parent=12874"}],"curies":[{"name":"wp","href":"https:\/\/api.w.org\/{rel}","templated":true}]}}

<p style="text-align: center;"><strong>VPIS V 1. RAZRED ZA ŠOLSKO LETO 2026/2027</strong></p>
<p style="text-align: center;">Spoštovani starši,</p>
<p style="text-align: center;">obveščamo vas, da bo vpis otrok v 1. razred za šolsko leto 2026/2027 potekal</p>
<p style="text-align: center;"><strong>v ponedeljek, 9. 2. 2026, od 8.00 do 15.00 in</strong></p>
<p style="text-align: center;"><strong>v torek, 10. 2. 2026, od 8.00 do 16.30</strong></p>
<p style="text-align: center;">v pisarni šolske svetovalne službe.</p>
<p style="text-align: center;">Prosimo vas, da s seboj prinesete otrokov osebni dokument ali rojstni list in svojo davčno številko.</p>
<p style="text-align: center;">Na vpis so lepo vabljeni tudi otroci – bodoči prvošolci!</p>
<p style="text-align: center;">Za dodatne informacije smo vam na razpolago na telefonski številki 05 662 55 76 ali preko e-pošte&nbsp;<a href="mailto:simona.kleva@oslivade.si">simona.kleva@oslivade.si</a>.</p>
<p><strong>Pogoji za vpis</strong></p>
<p>Na podlagi 44. do 49. člena Zakona o osnovni šoli (Uradni list RS, št. 81/06 – uradno prečiščeno besedilo, 102/07, 107/10, 87/11, 40/12 – ZUJF, 63/13, 46/16 – ZOFVI-K, 76/23, 16/24 in 54/25, v nadaljevanju: ZOsn) morajo starši v 1. razred osnovne šole vpisati otroke, ki bodo v koledarskem letu, v katerem bodo začeli obiskovati šolo, dopolnili starost 6 let.</p>
<p>Vpis v 1. razred poteka v mesecu februarju za naslednje šolsko leto. Za šolsko leto 2026/2027 bomo vpisovali otroke, ki so rojeni med 1. 1. 2020 in 31. 12. 2020.</p>
<p>Starši, katerih otroci imajo prijavljeno stalno ali začasno prebivališče v okolišu naše šole, na dom prejmejo vabilo za vpis.</p>
<p><strong>Šolski okoliš</strong></p>
<p>Starši vpišejo otroka v javno ali v zasebno osnovno šolo s koncesijo v šolskem okolišu, v katerem otrok stalno ali začasno prebiva.</p>
<p>V primeru, da želijo starši otroka vpisati na šolo v drugem šolskem okolišu, morajo na matični šoli vpis vseeno opraviti, nato pa na želeni šoli najkasneje v štirinajstih dneh po izteku roka za vpis oddati pisno vlogo, v kateri navedejo razloge za prepis. V drugo osnovno šolo lahko starši vpišejo otroka, če ta šola s tem soglaša.</p>
<p>Vlogo za prepis šolskega novinca na OŠ Livade Izola dobite v šolski svetovalni službi ali na spletni strani šole.</p>
<p><strong>Ugotavljanje pripravljenosti/odložitev šolanja</strong></p>
<p>Ob vpisu otroka v osnovno šolo se lahko na željo staršev ugotavlja pripravljenost otroka za vstop v šolo. Če starši predlagajo odložitev šolanja, ker menijo, da njihov otrok ni pripravljen za vstop v šolo, oziroma če odložitev šolanja predlaga zdravstvena služba, je ugotavljanje pripravljenosti otroka za vstop v šolo obvezno.</p>
<p>O odložitvi začetka šolanja odloči ravnatelj na podlagi obrazloženega mnenja strokovne komisije, ki jo imenuje ravnatelj in jo sestavljajo šolski zdravnik, svetovalni delavec ter vzgojitelj oz. učitelj.</p>
<p><strong>Odložitev šolanja med šolskim letom</strong></p>
<p style="text-align: left;">Učencu se med šolskim letom v prvem razredu lahko na predlog šolske svetovalne službe, šolske zdravstvene službe ali komisije za usmerjanje v soglasju s starši iz zdravstvenih in drugih razlogov odloži šolanje za eno leto.</p>
<p><a href="https://www.oslivade.si/wp-content/uploads/2026/02/Vloga-za-prepis-v-solo-izven-solskega-okolisa.pdf"><strong>Vloga za prepis v šolo izven šolskega okoliša</strong></a></p>
<p><a href="https://www.oslivade.si/wp-content/uploads/2026/02/Vloga-za-odlozitev-solanja-otroka.pdf"><strong>Vloga za odlog šolanja otroka</strong></a></p>


<p></p>

<p>VPIS V 1. RAZRED ZA ŠOLSKO LETO 2026/2027 Spoštovani starši, obveščamo vas, da bo vpis otrok v 1. razred za&nbsp;<a href="https://www.oslivade.si/?page_id=12874">&hellip;</a></p>
