{"id":14999,"date":"2023-04-14T08:55:14","date_gmt":"2023-04-14T07:55:14","guid":{"rendered":"https:\/\/www.oslivade.si\/?page_id=14999"},"modified":"2023-04-14T08:55:14","modified_gmt":"2023-04-14T07:55:14","slug":"filmska-vzgoja-filmski-zanri","status":"publish","type":"page","link":"https:\/\/www.oslivade.si\/?page_id=14999","title":{"rendered":"FILMSKA VZGOJA &#8211; FILMSKI \u017dANRI"},"content":{"rendered":"<p>[vc_row][vc_column width=&#8221;1\/3&#8243;][vc_single_image image=&#8221;13825&#8243; img_size=&#8221;medium&#8221;][\/vc_column][vc_column width=&#8221;2\/3&#8243;][vc_column_text]<\/p>\n<table id=\"table2\">\n<tbody>\n<tr>\n<th colspan=\"2\">FILMSKA VZGOJA &#8211; FILMSKI \u017dANRI<\/th>\n<\/tr>\n<tr>\n<td width=\"200\">\u0160tevilo ur tedensko:<\/td>\n<td>1<\/td>\n<\/tr>\n<tr>\n<td>Izbira:<\/td>\n<td>Enoletni predmet za 8. in 9. razred<\/td>\n<\/tr>\n<tr>\n<td>Nosilec:<\/td>\n<td>Maja Murovec<\/td>\n<\/tr>\n<\/tbody>\n<\/table>\n<p>[\/vc_column_text][\/vc_column][\/vc_row][vc_row][vc_column][vc_column_text]Filmska vzgoja je triletni predmet, ki je razdeljen na tri module. <u>U\u010denci, ki so \u017ee obiskovali prvi modul &#8211; Kaj je film?<\/u>, lahko v prihodnjem \u0161olskem letu nadaljujejo z modulom <strong>FILMSKI \u017dANRI<\/strong>.<\/p>\n<p>Ocenjevanje je \u0161tevil\u010dno (od 1 do 5). Oblike preverjanja in ocenjevanja znanja so raznolike in poleg uveljavljenih ustnih in pisnih oblik vklju\u010dujejo \u0161e ustvarjene izdelke (kratek igrani film).<\/p>\n<p><strong>Vsebina modula Filmski \u017eanri<\/strong><br \/>\n&#8211; OGLEDI FILMOV (celovita izku\u0161nja ogleda filma in razprava po ogledu, interpretacija)<br \/>\n&#8211; FILM, FILMSKA USTVARJALNOST, FILMSKI \u017dANRI (spoznavajo filmsko ustvarjalnost in najvidnej\u0161a predstavnike (slovenske in tuje), spoznavajo vidike zgradbe filmske pripovedi, seznanijo se z osnovnimi filmskimi izraznimi elementi, odkrivajo prevladujo\u010do \u017eanrsko produkcijo v posameznih obdobjih in preu\u010dijo, kateri \u017eanri so v ospredju danes, seznanijo se z osnovnimi elementi igrane filmske produkcije in razumejo, da filmski ustvarjalni proces poteka etapno).<br \/>\n&#8211; USTVARJANJE: ANIMIRANI FILM (izpeljejo in spoznajo proces predpriprave na snemanje kratkega igranega filma, posnamejo in zmontirajo kratki igrani film z uporabo mobilnih telefonov, digitalnih fotoaparatov in kamer ter \u0161olskih ra\u010dunalnikov, pripravijo predstavitev\/projekcijo svojih filmov, jih vrednotijo in utemeljeno primerjajo).<\/p>\n<p><strong>SPLO\u0160NI CILJI:<\/strong><br \/>\nSpoznavajo kaj sta film in avdiovizualna dejavnost; razumejo film kot ustvarjalni proces, vzpostavljajo neposredni stik s filmom, filmskimi ustvarjalci; krepijo do\u017eivetje filma in oblikujejo ter artikulirajo svoja merila za vrednotenje filma; spoznavajo filmske \u017eanre; spoznavajo najpomembnej\u0161a razvojna obdobja v filmski zgodovini; razvijajo lastno ustvarjalnost na podro\u010dju filma; spoznavajo tehni\u010dne zna\u010dilnosti filma in kina; primerjajo film s preostalimi vrstami umetnosti; ob filmskih vsebinah osebnostno rastejo, razvijajo so\u010dutje in dovzetnost za do\u017eivljanje drugih; krepijo ob\u010dutek za odgovorno timsko delo, medsebojno komunikacijo in delitev dela v procesu nastajanja filma (kamera, lu\u010d, tonski mojster, re\u017eiser, igralec, monta\u017eer itd.).[\/vc_column_text][\/vc_column][\/vc_row]<\/p>\n","protected":false},"excerpt":{"rendered":"<p>[vc_row][vc_column width=&#8221;1\/3&#8243;][vc_single_image image=&#8221;13825&#8243; img_size=&#8221;medium&#8221;][\/vc_column][vc_column width=&#8221;2\/3&#8243;][vc_column_text] FILMSKA VZGOJA &#8211; FILMSKI \u017dANRI \u0160tevilo ur tedensko: 1 Izbira: Enoletni predmet za 8. in&nbsp;<a href=\"https:\/\/www.oslivade.si\/?page_id=14999\">&hellip;<\/a><\/p>\n","protected":false},"author":1,"featured_media":0,"parent":0,"menu_order":0,"comment_status":"closed","ping_status":"closed","template":"","meta":{"ngg_post_thumbnail":0,"footnotes":""},"class_list":["post-14999","page","type-page","status-publish","hentry","odd"],"_links":{"self":[{"href":"https:\/\/www.oslivade.si\/index.php?rest_route=\/wp\/v2\/pages\/14999"}],"collection":[{"href":"https:\/\/www.oslivade.si\/index.php?rest_route=\/wp\/v2\/pages"}],"about":[{"href":"https:\/\/www.oslivade.si\/index.php?rest_route=\/wp\/v2\/types\/page"}],"author":[{"embeddable":true,"href":"https:\/\/www.oslivade.si\/index.php?rest_route=\/wp\/v2\/users\/1"}],"replies":[{"embeddable":true,"href":"https:\/\/www.oslivade.si\/index.php?rest_route=%2Fwp%2Fv2%2Fcomments&post=14999"}],"version-history":[{"count":1,"href":"https:\/\/www.oslivade.si\/index.php?rest_route=\/wp\/v2\/pages\/14999\/revisions"}],"predecessor-version":[{"id":15000,"href":"https:\/\/www.oslivade.si\/index.php?rest_route=\/wp\/v2\/pages\/14999\/revisions\/15000"}],"wp:attachment":[{"href":"https:\/\/www.oslivade.si\/index.php?rest_route=%2Fwp%2Fv2%2Fmedia&parent=14999"}],"curies":[{"name":"wp","href":"https:\/\/api.w.org\/{rel}","templated":true}]}}