{"id":17511,"date":"2025-04-16T13:36:52","date_gmt":"2025-04-16T12:36:52","guid":{"rendered":"https:\/\/www.oslivade.si\/?page_id=17511"},"modified":"2025-04-16T13:36:52","modified_gmt":"2025-04-16T12:36:52","slug":"filozofija-za-otroke-eticna-raziskovanja","status":"publish","type":"page","link":"https:\/\/www.oslivade.si\/?page_id=17511","title":{"rendered":"FILOZOFIJA ZA OTROKE &#8211; ETI\u010cNA RAZISKOVANJA"},"content":{"rendered":"<p>[vc_row][vc_column width=&#8221;1\/3&#8243;][vc_single_image image=&#8221;17512&#8243; img_size=&#8221;medium&#8221;][\/vc_column][vc_column width=&#8221;2\/3&#8243;][vc_column_text]<\/p>\n<table id=\"table2\">\n<tbody>\n<tr>\n<th colspan=\"2\">FILOZOFIJA ZA OTROKE &#8211; ETI\u010cNA RAZISKOVANJA<\/th>\n<\/tr>\n<tr>\n<td width=\"200\">\u0160tevilo ur tedensko:<\/td>\n<td>1<\/td>\n<\/tr>\n<tr>\n<td>Izbira:<\/td>\n<td>Enoletni predmet za 8. razred<\/td>\n<\/tr>\n<tr>\n<td>Nosilec:<\/td>\n<td>Maja Murovec<\/td>\n<\/tr>\n<\/tbody>\n<\/table>\n<p>[\/vc_column_text][\/vc_column][\/vc_row][vc_row][vc_column][vc_column_text]Pri predmetu filozofija za otroke se bomo lotili filozofskega raziskovanja eti\u010dnih, socialnih, spoznavnih in ontolo\u0161kih problemov, razvijanje avtonomnega, kriti\u010dnega, refleksivnega mi\u0161ljenja, razvijanje domi\u0161ljije in kreativnosti, razvijanje kulture dialoga (izra\u017eanje in zagovor lastnih stali\u0161\u010d, mnenj, poslu\u0161anje, upo\u0161tevanje stali\u0161\u010d drugih itd.), razvijanje miselnih spretnosti (oblikovanje mnenj, analiziranje, sintetiziranje, primerjanje, klasificiranje, postavljanje vpra\u0161anj, iskanje hipotez, izpeljevanje, odkrivanje predpostavk in posledic, re\u0161evanje problemov).<\/p>\n<p><strong>Pogovarjali se bomo o eti\u010dnih temah: kaj je pravica, pravica ali dol\u017enost, pomen empatije (stopiti v \u010devlje drugega), o svobodi in pravilih, vrednotah, razlikovati med dejstvom in mnenjem, razmerjem med po\u0161tenostjo in zakonitostjo, prijateljstvom. In o vsem veliko debatirali (uporabljali svoje mi\u0161ljenje\/mnenje in drugim dopu\u0161\u010dali njihovega).<\/strong><\/p>\n<p><u>Od u\u010dencev se pri\u010dakuje aktivnost pri pouku, saj delo poteka v skupinah, v obliki debate, igre vlog, dialoga, okrogle mize.<\/u>[\/vc_column_text][\/vc_column][\/vc_row]<\/p>\n","protected":false},"excerpt":{"rendered":"<p>[vc_row][vc_column width=&#8221;1\/3&#8243;][vc_single_image image=&#8221;17512&#8243; img_size=&#8221;medium&#8221;][\/vc_column][vc_column width=&#8221;2\/3&#8243;][vc_column_text] FILOZOFIJA ZA OTROKE &#8211; ETI\u010cNA RAZISKOVANJA \u0160tevilo ur tedensko: 1 Izbira: Enoletni predmet za 8.&nbsp;<a href=\"https:\/\/www.oslivade.si\/?page_id=17511\">&hellip;<\/a><\/p>\n","protected":false},"author":3,"featured_media":0,"parent":0,"menu_order":0,"comment_status":"closed","ping_status":"closed","template":"","meta":{"ngg_post_thumbnail":0,"footnotes":""},"class_list":["post-17511","page","type-page","status-publish","hentry","odd"],"_links":{"self":[{"href":"https:\/\/www.oslivade.si\/index.php?rest_route=\/wp\/v2\/pages\/17511"}],"collection":[{"href":"https:\/\/www.oslivade.si\/index.php?rest_route=\/wp\/v2\/pages"}],"about":[{"href":"https:\/\/www.oslivade.si\/index.php?rest_route=\/wp\/v2\/types\/page"}],"author":[{"embeddable":true,"href":"https:\/\/www.oslivade.si\/index.php?rest_route=\/wp\/v2\/users\/3"}],"replies":[{"embeddable":true,"href":"https:\/\/www.oslivade.si\/index.php?rest_route=%2Fwp%2Fv2%2Fcomments&post=17511"}],"version-history":[{"count":1,"href":"https:\/\/www.oslivade.si\/index.php?rest_route=\/wp\/v2\/pages\/17511\/revisions"}],"predecessor-version":[{"id":17513,"href":"https:\/\/www.oslivade.si\/index.php?rest_route=\/wp\/v2\/pages\/17511\/revisions\/17513"}],"wp:attachment":[{"href":"https:\/\/www.oslivade.si\/index.php?rest_route=%2Fwp%2Fv2%2Fmedia&parent=17511"}],"curies":[{"name":"wp","href":"https:\/\/api.w.org\/{rel}","templated":true}]}}