{"id":33,"date":"2018-10-16T11:51:40","date_gmt":"2018-10-16T11:51:40","guid":{"rendered":"http:\/\/91.220.156.17\/?page_id=33"},"modified":"2025-09-12T10:56:51","modified_gmt":"2025-09-12T09:56:51","slug":"npz","status":"publish","type":"page","link":"https:\/\/www.oslivade.si\/?page_id=33","title":{"rendered":"NPZ"},"content":{"rendered":"<p>[vc_row][vc_column][vc_column_text]<strong>Nacionalno preverjanje znanja (NPZ)<\/strong><\/p>\n<p>Vsako \u0161olsko leto u\u010dence \u010dakajo nacionalni preizkusi znanja, ki prina\u0161ajo pomembno povratno informacijo o njihovem znanju in napredku. NPZ je obvezen za u\u010dence 3., 6. in 9. razreda, medtem ko ga u\u010denci priseljenci v prvem in drugem letu \u0161olanja opravljajo prostovoljno \u2013 izjema je 9. razred, kjer je preverjanje obvezno za vse.<\/p>\n<p>Preverjanje poteka v pisni obliki:<\/p>\n<ul>\n<li>3. razred: sloven\u0161\u010dina in matematika<\/li>\n<li>6. razred: sloven\u0161\u010dina, matematika in tuji jezik<\/li>\n<li>9. razred: sloven\u0161\u010dina, matematika ter tretji predmet (v tem letu tehnika in tehnologija)<\/li>\n<\/ul>\n<p>Rezultati NPZ ne vplivajo na zaklju\u010dne ocene, u\u010dencem pa skupaj s star\u0161i in u\u010ditelji omogo\u010dajo vpogled v dose\u017eeno znanje.<\/p>\n<p><strong>Rok za preverjanje znanja:<\/strong><\/p>\n<ul>\n<li>23. 3. 2026 \u2013 sloven\u0161\u010dina (3. , 6. , 9. razred)<\/li>\n<li>25. 3. 2026 \u2013 angle\u0161\u010dina (6. razred)<\/li>\n<li>25. 3. 2026 \u2013 tehnika in tehnologija (9. razred)<\/li>\n<li>31. 3. 2026 \u2013 matematika (3. , 6. , 9. razred)<\/li>\n<\/ul>\n<p>Podrobnej\u0161a navodila o izvedbi NPZ boste u\u010denci in star\u0161i dobili na razrednih urah in roditeljskih sestankih.<\/p>\n<p>Na spletni strani <a href=\"http:\/\/www.ric.si\" target=\"_blank\" rel=\"noopener\">Dr\u017eavnega izpitnega centra<\/a> so objavljene <strong>Informacije za u\u010dence in star\u0161e.<\/strong><\/p>\n<p><strong><a href=\"https:\/\/www.ric.si\/nacionalno-preverjanje-znanja\/predmeti-npz\/\" target=\"_blank\" rel=\"noopener\">Naloge iz preteklih \u0161olskih let<\/a><\/strong><br \/>\n<a href=\"https:\/\/www.oslivade.si\/wp-content\/uploads\/2025\/09\/ROKOVNIK-NPZ-26.pdf\"><strong>Rokovnik Nacionalnega preverjanja znanja (2025\/2026)<\/strong><\/a>[\/vc_column_text][\/vc_column][\/vc_row]<\/p>\n","protected":false},"excerpt":{"rendered":"<p>[vc_row][vc_column][vc_column_text]Nacionalno preverjanje znanja (NPZ) Vsako \u0161olsko leto u\u010dence \u010dakajo nacionalni preizkusi znanja, ki prina\u0161ajo pomembno povratno informacijo o njihovem znanju&nbsp;<a href=\"https:\/\/www.oslivade.si\/?page_id=33\">&hellip;<\/a><\/p>\n","protected":false},"author":1,"featured_media":0,"parent":0,"menu_order":0,"comment_status":"closed","ping_status":"closed","template":"","meta":{"ngg_post_thumbnail":0,"footnotes":""},"class_list":["post-33","page","type-page","status-publish","hentry","odd"],"_links":{"self":[{"href":"https:\/\/www.oslivade.si\/index.php?rest_route=\/wp\/v2\/pages\/33"}],"collection":[{"href":"https:\/\/www.oslivade.si\/index.php?rest_route=\/wp\/v2\/pages"}],"about":[{"href":"https:\/\/www.oslivade.si\/index.php?rest_route=\/wp\/v2\/types\/page"}],"author":[{"embeddable":true,"href":"https:\/\/www.oslivade.si\/index.php?rest_route=\/wp\/v2\/users\/1"}],"replies":[{"embeddable":true,"href":"https:\/\/www.oslivade.si\/index.php?rest_route=%2Fwp%2Fv2%2Fcomments&post=33"}],"version-history":[{"count":29,"href":"https:\/\/www.oslivade.si\/index.php?rest_route=\/wp\/v2\/pages\/33\/revisions"}],"predecessor-version":[{"id":17822,"href":"https:\/\/www.oslivade.si\/index.php?rest_route=\/wp\/v2\/pages\/33\/revisions\/17822"}],"wp:attachment":[{"href":"https:\/\/www.oslivade.si\/index.php?rest_route=%2Fwp%2Fv2%2Fmedia&parent=33"}],"curies":[{"name":"wp","href":"https:\/\/api.w.org\/{rel}","templated":true}]}}