{"id":4099,"date":"2018-12-04T15:07:55","date_gmt":"2018-12-04T13:07:55","guid":{"rendered":"http:\/\/91.220.156.17\/?page_id=4099"},"modified":"2024-04-15T14:00:42","modified_gmt":"2024-04-15T13:00:42","slug":"bralna-znacka-5-9-razred-italijanscina","status":"publish","type":"page","link":"https:\/\/www.oslivade.si\/?page_id=4099","title":{"rendered":"Bralna zna\u010dka 5. &#8211; 9. razred (Tuji jezik Italijan\u0161\u010dina)"},"content":{"rendered":"<p>[vc_row][vc_column][vc_tta_tabs][vc_tta_section title=&#8221;5. razred&#8221; tab_id=&#8221;1543928937745-b7e3cb11-1a9d&#8221;][vc_column_text]<\/p>\n<table id=\"table1\">\n<tbody>\n<tr>\n<th width=\"25%\">Avtor<\/th>\n<th width=\"50%\">Naslov knjige<\/th>\n<th width=\"25%\">Razpolo\u017eljivost gradiva<\/th>\n<\/tr>\n<tr>\n<td>Frescura, Loredana<\/td>\n<td>Il fantasma dispettoso<\/td>\n<td><a href=\"https:\/\/plus.cobiss.net\/cobiss\/si\/sl\/bib\/search?q=il+fantasma+dispettoso+frescura+loredana&amp;db=osliv&amp;db=sikizo&amp;mat=books&amp;tyf=0_knj\" target=\"_blank\" rel=\"noopener\">Preveri razpolo\u017eljivost<\/a><\/td>\n<\/tr>\n<tr>\n<td>Staiano, Elena<\/td>\n<td>Riccioli d&#8217;Oro e i tre orsi : questa \u00e8 Riccioli d&#8217;oro<\/td>\n<td><a href=\"https:\/\/plus.cobiss.net\/cobiss\/si\/sl\/bib\/search?q=Riccioli+d%27Oro+e+i+tre+orsi+%3A+questa+%C3%A8+Riccioli+d%27oro&amp;db=osliv&amp;db=sikizo&amp;mat=books&amp;tyf=0_knj\" target=\"_blank\" rel=\"noopener\">Preveri razpolo\u017eljivost<\/a><\/td>\n<\/tr>\n<\/tbody>\n<\/table>\n<p>[\/vc_column_text][\/vc_tta_section][vc_tta_section title=&#8221;6. razred&#8221; tab_id=&#8221;1543928938771-798c8041-ea52&#8243;][vc_column_text]<\/p>\n<table id=\"table1\">\n<tbody>\n<tr>\n<th width=\"25%\">Avtor<\/th>\n<th width=\"50%\">Naslov knjige<\/th>\n<th width=\"25%\">Razpolo\u017eljivost gradiva<\/th>\n<\/tr>\n<tr>\n<td>Quaresima, Luigino<\/td>\n<td>Vacanze pazze<\/td>\n<td><a href=\"https:\/\/plus.cobiss.net\/cobiss\/si\/sl\/bib\/search?q=vacanze+pazze+quaresima+luigino&amp;db=osliv&amp;db=sikizo&amp;mat=books&amp;tyf=0_knj\" target=\"_blank\" rel=\"noopener\">Preveri razpolo\u017eljivost<\/a><\/td>\n<\/tr>\n<\/tbody>\n<\/table>\n<p>[\/vc_column_text][\/vc_tta_section][vc_tta_section title=&#8221;7. razred&#8221; tab_id=&#8221;1543401234099-56302ce7-c6f7&#8243;][vc_column_text]<\/p>\n<table id=\"table1\">\n<tbody>\n<tr>\n<th width=\"25%\">Avtor<\/th>\n<th width=\"50%\">Naslov knjige<\/th>\n<th width=\"25%\">Razpolo\u017eljivost gradiva<\/th>\n<\/tr>\n<tr>\n<td>Pasqui, Alessandra<\/td>\n<td>Come hai detto che ti chiami?<\/td>\n<td><a href=\"https:\/\/plus.cobiss.net\/cobiss\/si\/sl\/bib\/search?q=come+hai+detto+che+ti+chiami%3F+pasqui+alessandra&amp;db=osliv&amp;db=sikizo&amp;mat=books&amp;tyf=0_knj\" target=\"_blank\" rel=\"noopener\">Preveri razpolo\u017eljivost<\/a><\/td>\n<\/tr>\n<\/tbody>\n<\/table>\n<p>[\/vc_column_text][\/vc_tta_section][vc_tta_section title=&#8221;8. razred&#8221; tab_id=&#8221;1543401234116-045c0f40-0ef8&#8243;][vc_column_text]<\/p>\n<table id=\"table1\">\n<tbody>\n<tr>\n<th width=\"25%\">Avtor<\/th>\n<th width=\"50%\">Naslov knjige<\/th>\n<th width=\"25%\">Razpolo\u017eljivost gradiva<\/th>\n<\/tr>\n<tr>\n<td>Frescura, Loredana<\/td>\n<td>Il pallone \u00e8 maschio, la palla \u00e8 femmina<\/td>\n<td><a href=\"https:\/\/plus.cobiss.net\/cobiss\/si\/sl\/bib\/search?q=Il+pallone+%C3%A8+maschio%2C+la+palla+%C3%A8+femmina&amp;db=osliv&amp;db=sikizo&amp;mat=books&amp;tyf=0_knj\" target=\"_blank\" rel=\"noopener\">Preveri razpolo\u017eljivost<\/a><\/td>\n<\/tr>\n<\/tbody>\n<\/table>\n<p>[\/vc_column_text][\/vc_tta_section][vc_tta_section title=&#8221;9. razred&#8221; tab_id=&#8221;1543401235646-99963a56-ddbb&#8221;][vc_column_text]<\/p>\n<table id=\"table1\">\n<tbody>\n<tr>\n<th width=\"25%\">Avtor<\/th>\n<th width=\"50%\">Naslov knjige<\/th>\n<th width=\"25%\">Razpolo\u017eljivost gradiva<\/th>\n<\/tr>\n<tr>\n<td>Frescura, Loredana<\/td>\n<td>Il pallone \u00e8 maschio, la palla \u00e8 femmina<\/td>\n<td><a href=\"https:\/\/plus.cobiss.net\/cobiss\/si\/sl\/bib\/search?q=Il+pallone+%C3%A8+maschio%2C+la+palla+%C3%A8+femmina&amp;db=osliv&amp;db=sikizo&amp;mat=books&amp;tyf=0_knj\" target=\"_blank\" rel=\"noopener\">Preveri razpolo\u017eljivost<\/a><\/td>\n<\/tr>\n<\/tbody>\n<\/table>\n<p>[\/vc_column_text][\/vc_tta_section][\/vc_tta_tabs][\/vc_column][\/vc_row]<\/p>\n","protected":false},"excerpt":{"rendered":"<p>[vc_row][vc_column][vc_tta_tabs][vc_tta_section title=&#8221;5. razred&#8221; tab_id=&#8221;1543928937745-b7e3cb11-1a9d&#8221;][vc_column_text] Avtor Naslov knjige Razpolo\u017eljivost gradiva Frescura, Loredana Il fantasma dispettoso Preveri razpolo\u017eljivost Staiano, Elena Riccioli d&#8217;Oro&nbsp;<a href=\"https:\/\/www.oslivade.si\/?page_id=4099\">&hellip;<\/a><\/p>\n","protected":false},"author":1,"featured_media":0,"parent":0,"menu_order":0,"comment_status":"closed","ping_status":"closed","template":"","meta":{"ngg_post_thumbnail":0,"footnotes":""},"class_list":["post-4099","page","type-page","status-publish","hentry","odd"],"_links":{"self":[{"href":"https:\/\/www.oslivade.si\/index.php?rest_route=\/wp\/v2\/pages\/4099"}],"collection":[{"href":"https:\/\/www.oslivade.si\/index.php?rest_route=\/wp\/v2\/pages"}],"about":[{"href":"https:\/\/www.oslivade.si\/index.php?rest_route=\/wp\/v2\/types\/page"}],"author":[{"embeddable":true,"href":"https:\/\/www.oslivade.si\/index.php?rest_route=\/wp\/v2\/users\/1"}],"replies":[{"embeddable":true,"href":"https:\/\/www.oslivade.si\/index.php?rest_route=%2Fwp%2Fv2%2Fcomments&post=4099"}],"version-history":[{"count":6,"href":"https:\/\/www.oslivade.si\/index.php?rest_route=\/wp\/v2\/pages\/4099\/revisions"}],"predecessor-version":[{"id":16515,"href":"https:\/\/www.oslivade.si\/index.php?rest_route=\/wp\/v2\/pages\/4099\/revisions\/16515"}],"wp:attachment":[{"href":"https:\/\/www.oslivade.si\/index.php?rest_route=%2Fwp%2Fv2%2Fmedia&parent=4099"}],"curies":[{"name":"wp","href":"https:\/\/api.w.org\/{rel}","templated":true}]}}