{"id":4758,"date":"2019-03-13T10:21:26","date_gmt":"2019-03-13T08:21:26","guid":{"rendered":"http:\/\/www.oslivade.si\/?page_id=4758"},"modified":"2026-01-06T14:46:49","modified_gmt":"2026-01-06T13:46:49","slug":"informacije-javnega-znacaja","status":"publish","type":"page","link":"https:\/\/www.oslivade.si\/?page_id=4758","title":{"rendered":"INFORMACIJE JAVNEGA ZNA\u010cAJA"},"content":{"rendered":"<p>[vc_row][vc_column][vc_column_text]<\/p>\n<table id=\"table1\">\n<tbody>\n<tr>\n<th colspan=\"2\">1. OSNOVNI PODATKI O KATALOGU<\/th>\n<\/tr>\n<tr>\n<td width=\"33.3%\">Naziv zavoda:<\/td>\n<td width=\"66.6%\"><strong>Osnovna \u0161ola Livade Izola<\/strong><\/td>\n<\/tr>\n<tr>\n<td>Naslov:<\/td>\n<td><strong>Livade 7<\/strong><\/td>\n<\/tr>\n<tr>\n<td>Po\u0161ta:<\/td>\n<td><strong>6310 Izola<\/strong><\/td>\n<\/tr>\n<tr>\n<td>Telefon:<\/td>\n<td><strong>05 662 55 60<\/strong><\/td>\n<\/tr>\n<tr>\n<td>Faks:<\/td>\n<td><strong>05 662 55 61<\/strong><\/td>\n<\/tr>\n<tr>\n<td>Elektronski naslov:<\/td>\n<td><strong>o-livadeizola.kp@guest.arnes.si&nbsp;<\/strong><\/td>\n<\/tr>\n<tr>\n<td>Odgovorna uradna oseba::<\/td>\n<td><strong>Maja CETIN, ravnateljica \u0161ole<\/strong><\/td>\n<\/tr>\n<tr>\n<td>Datum objave kataloga:<\/td>\n<td>23. 12. 2016<\/td>\n<\/tr>\n<tr>\n<td>Datum zadnje spremembe:&nbsp;<\/td>\n<td>12. 4. 2024<\/td>\n<\/tr>\n<tr>\n<td>Katalog je dostopen na spletu:<\/td>\n<td><a href=\"https:\/\/www.oslivade.si\/\">www.oslivade.si<\/a><\/td>\n<\/tr>\n<tr>\n<td>Druge oblike kataloga:<\/td>\n<td>Katalog je v fizi\u010dni obliki dostopen na sede\u017eu \u0161ole.<\/td>\n<\/tr>\n<\/tbody>\n<\/table>\n<p>[\/vc_column_text][vc_column_text]<\/p>\n<table id=\"table1\">\n<tbody>\n<tr>\n<th colspan=\"2\">2. SPLO\u0160NI PODATKI O ZAVODU IN INFORMACIJAH JAVNEGA ZNA\u010cAJA, S KATERIMI RAZPOLAGA<\/th>\n<\/tr>\n<tr>\n<td colspan=\"2\">Kratek opis delovnega podro\u010dja zavoda:<br \/>\n&#8211; P\/85.2 Osnovno\u0161olsko izobra\u017eevanje<br \/>\n&#8211; C\/18.120 Drugo tiskanje<br \/>\n&#8211; I\/55.209 Druge nastanitve za kraj\u0161i \u010das<br \/>\n&#8211; J\/58.110 Izdajanje knjig<br \/>\n&#8211; J\/58.190 Drugo zalo\u017eni\u0161tvo<br \/>\n&#8211; L\/68.200 Oddajanje in obratovanje lastnih ali najetih nepremi\u010dnin<br \/>\n&#8211; M\/74.900 Druge nerazvr\u0161\u010dene strokovne in tehni\u010dne dejavnosti<br \/>\n&#8211; N\/77.110 Dajanje lahkih motornih vozil v najem in zakup<br \/>\n&#8211; N\/77.220 Dajanje videokaset in plo\u0161\u010d v najem<br \/>\n&#8211; N\/77.330 Dajanje pisarni\u0161ke opreme in pisarni\u0161kih naprav v najem in zakup<br \/>\n&#8211; N\/82.190 Fotokopiranje, priprava dokumentov in druge posami\u010dne pisarni\u0161ke dejavnosti<br \/>\n&#8211; P\/85.510 Izobra\u017eevanje, izpopolnjevanje in usposabljanje na podro\u010dju \u0161porta in rekreacije<br \/>\n&#8211; P\/85.520 Izobra\u017eevanje, izpopolnjevanje in usposabljanje na podro\u010dju kulture in umetnosti<br \/>\n&#8211; P\/85.600 Pomo\u017ene dejavnosti za izobra\u017eevanje<br \/>\n&#8211; R\/91.011 Dejavnost knji\u017enic<br \/>\n&#8211; R\/93.110 Obratovanje \u0161portnih objektov<\/td>\n<\/tr>\n<tr>\n<th colspan=\"2\">a) Organigram in podatki o organizaciji zavoda<\/th>\n<\/tr>\n<tr>\n<td colspan=\"2\"><a href=\"http:\/\/www.oslivade.si\/?page_id=109\">Organigram<\/a><\/td>\n<\/tr>\n<tr>\n<td colspan=\"2\"><b>Seznam notranjih organizacijskih enot:<\/b><br \/>\n&#8211; zavod nima organizacijskih enot.<\/td>\n<\/tr>\n<tr>\n<th colspan=\"2\">b) Kontaktni podatki uradne osebe, pristojne za posredovanje informacij javnega zna\u010daja<\/th>\n<\/tr>\n<tr>\n<td>Ime in priimek pristojne osebe:<\/td>\n<td>Maja Cetin<\/td>\n<\/tr>\n<tr>\n<td>Delovno mesto in naziv:<\/td>\n<td>ravnateljica<\/td>\n<\/tr>\n<tr>\n<td>Elektronski naslov:<\/td>\n<td>o-livadeizola.kp@guest.arnes.si<\/td>\n<\/tr>\n<tr>\n<td>Po\u0161tni naslov:<\/td>\n<td>Livade 7, 6310 Izola<\/td>\n<\/tr>\n<tr>\n<td>Slu\u017ebena telefonska \u0161tevilka:<\/td>\n<td>05 662 55 62<\/td>\n<\/tr>\n<tr>\n<th colspan=\"2\">c) Seznam glavnih predpisov z delovnega podro\u010dja zavoda<\/th>\n<\/tr>\n<tr>\n<td>Seznam predpisov z delovnega podro\u010dja vzgoje in izobra\u017eevanja<\/td>\n<td><a href=\"https:\/\/www.gov.si\/drzavni-organi\/ministrstva\/ministrstvo-za-vzgojo-in-izobrazevanje\/zakonodaja\/\" target=\"_blank\" rel=\"noopener\">povezava<\/a><\/td>\n<\/tr>\n<tr>\n<td>Odlok o ustanovitvi zavoda<\/td>\n<td><a href=\"https:\/\/www.oslivade.si\/wp-content\/uploads\/2018\/11\/AKT-O-USTANOVITVI-UPB-17.pdf\" target=\"_blank\" rel=\"noopener\">povezava<\/a><\/td>\n<\/tr>\n<tr>\n<td>Splo\u0161ni akti zavoda<\/td>\n<td><a href=\"https:\/\/www.oslivade.si\/?page_id=123\">povezava<\/a><\/td>\n<\/tr>\n<tr>\n<th colspan=\"2\">\u010d) Seznam predlogov predpiso<\/th>\n<\/tr>\n<tr>\n<td>Seznam predlogov predpisov s podro\u010dja vzgoje in izobra\u017eevanja<\/td>\n<td><a href=\"https:\/\/e-uprava.gov.si\/drzava-in-druzba\/e-demokracija\/predlogi-predpisov.html?rijs=12519#eyJmaWx0ZXJzIjp7ImNvbW1lbnQiOlsiLSJdLCJ0eXBlIjpbIi0iXSwic3RhdHVzIjpbIi0iXSwiY2F0IjpbIi0iXSwicmlqcyI6WyIxMjUxOSJdLCJvZmZzZXQiOlsiMCJdLCJzZW50aW5lbF90eXBlIjpbIm9rIl0sInNlbnRpbmVsX3N0YXR1cyI6WyJvayJdLCJpc19hamF4IjpbIjEiXX19\" target=\"_blank\" rel=\"noopener\">povezava<\/a><\/td>\n<\/tr>\n<tr>\n<th colspan=\"2\">d) Seznam sprejetih in predlaganih programov, strategij, stali\u0161\u010d, mnenj, analiz in drugih podobnih dokumentov po vsebinskih sklopih<\/th>\n<\/tr>\n<tr>\n<td colspan=\"2\"><a href=\"https:\/\/www.oslivade.si\/?page_id=5209\">Letni delovni na\u010drt<\/a><br \/>\n<a href=\"https:\/\/www.oslivade.si\/?page_id=5209\">Poro\u010dilo o delu zavoda<\/a><\/td>\n<\/tr>\n<tr>\n<td colspan=\"2\">Objave in razpisna dokumentacija v skladu s predpisi, ki urejajo javno naro\u010danje po ZJN-3 Obvestila v zvezi z javnim naro\u010danjem so objavljena na <a href=\"http:\/\/www.enarocanje.si\/\">portalu javnih naro\u010dil<\/a>.<\/td>\n<\/tr>\n<tr>\n<th colspan=\"2\">e) Katalog vrst upravnih, sodnih ali zakonodajnih postopkov oziroma drugih uradnih ali javnih storitev, ki jih organ vodi oziroma zagotavlja svojim uporabnikom<\/th>\n<\/tr>\n<tr>\n<td colspan=\"2\"><strong>Postopki, ki jih zavod vodi:<\/strong><\/p>\n<p>Postopek imenovanja ravnatelja zavoda<br \/>\n&#8211; Izvedba volitev predstavnikov zaposlenih v svet zavoda<br \/>\n&#8211; Postopek dodelitve sredstev za subvencionirano prehrano, \u0161olo v naravi<br \/>\n&#8211; Podelitev, dodelitev, mirovanje oz. prenehanja statusa u\u010denca perspektivnega ali vrhunskega \u0161portnika, ter perspektivnega mladega umetnika ali vrhunskega mladega umetnika<br \/>\n&#8211; Izdaja nadomestil, dokumentov in listin \u2013 izpis podatkov iz evidenc<br \/>\n&#8211; Prijavno-sprejemni postopek za vpis u\u010dencev v 1. razred<br \/>\n&#8211; Vpis u\u010dencev iz drugih \u0161ol<\/td>\n<\/tr>\n<tr>\n<th colspan=\"2\">f) Seznam javnih evidenc, ki jih upravlja zavod<\/th>\n<\/tr>\n<tr>\n<td colspan=\"2\">Preusmeritev na sezname evidenc na spletni strani <a href=\"https:\/\/www.ip-rs.si\/\">Informacijskega poobla\u0161\u010denca.<\/a><\/td>\n<\/tr>\n<tr>\n<th colspan=\"2\">g) Seznam drugih informatiziranih zbirk podatkov, ki jih vodi zavod na podlagi podro\u010dne zakonodaje s svojega delovnega podro\u010dja<\/th>\n<\/tr>\n<tr>\n<td><strong>Naziv informatizirane zbirke:<\/strong><\/td>\n<td><strong>Dostop do zbirke<\/strong> (ali povezava)<\/td>\n<\/tr>\n<tr>\n<td>Evidenca o dejanski zasedenosti delovnih mest<\/td>\n<td>&nbsp;<\/td>\n<\/tr>\n<tr>\n<td>Evidenca vseh u\u010dbenikov v u\u010dbeni\u0161kem skladu<\/td>\n<td>&nbsp;<\/td>\n<\/tr>\n<tr>\n<td>Informacija o \u0161tevilu mest, ki jih zagotavlja za pred\u0161olske otroke<\/td>\n<td>&nbsp;<\/td>\n<\/tr>\n<tr>\n<td>\u0160tevilo u\u010dencev po oddelkih in razredih<\/td>\n<td><a href=\"https:\/\/www.oslivade.si\/?page_id=1150\">povezava<\/a><\/td>\n<\/tr>\n<\/tbody>\n<\/table>\n<p>[\/vc_column_text][vc_column_text]<\/p>\n<table id=\"table1\">\n<tbody>\n<tr>\n<th colspan=\"2\">3. OPIS NA\u010cINA DOSTOPA DO INFORMACIJ JAVNEGA ZNA\u010cAJA<\/th>\n<\/tr>\n<tr>\n<td colspan=\"2\"><strong>\u0160ola zagotavlja dostop do informacij javnega zna\u010daja:<\/strong><\/p>\n<p>&#8211; <a href=\"http:\/\/www.oslivade.si\/?page_id=4758\">Preko spleta<\/a><br \/>\n&#8211; Preko \u00bbfizi\u010dnega\u00ab dostopa na sede\u017eu \u0161ole (Livade 7, Izola):<br \/>\nPoslovni \u010das \u0161ole: od 6.15 do 16.30<br \/>\nUradne ure tajni\u0161tva \u0161ole: od PON do PET od 8.00 do 16.00<\/td>\n<\/tr>\n<\/tbody>\n<\/table>\n<p>[\/vc_column_text][vc_column_text]<\/p>\n<table id=\"table1\">\n<tbody>\n<tr>\n<th style=\"text-align: left;\" colspan=\"2\">4. STRO\u0160KOVNIK<\/th>\n<\/tr>\n<tr>\n<td colspan=\"2\">Zavod lahko za ve\u010dji obseg dokumentov zara\u010duna materialne stro\u0161ke po stro\u0161kovniku in postopku 16., 17. in 18. \u010dlena.<\/p>\n<p><a href=\"https:\/\/pisrs.si\/pregledPredpisa?id=URED6941\" target=\"_blank\" rel=\"noopener\">Uredba o posredovanju in ponovni uporabi informacij javnega zna\u010daja<\/a><\/td>\n<\/tr>\n<\/tbody>\n<\/table>\n<p>[\/vc_column_text][vc_column_text]<\/p>\n<table id=\"table1\">\n<tbody>\n<tr>\n<th colspan=\"2\">5. MOREBITNI STRO\u0160KOVNIK ZA PONOVNO UPORABO, CENIK IN DRUGI POGOJI ZA PONOVNO UPORABO INFORMACIJ JAVNEGA ZNA\u010cAJA<\/th>\n<\/tr>\n<tr>\n<td colspan=\"2\">Zavod nima stro\u0161kovnika.<\/td>\n<\/tr>\n<\/tbody>\n<\/table>\n<p>[\/vc_column_text][vc_column_text]<\/p>\n<table id=\"table1\">\n<tbody>\n<tr>\n<th colspan=\"2\">6. SEZNAM NAJPOGOSTEJE ZAHTEVANIH INFORMACIJ JAVNEGA ZNA\u010cAJA, VKLJU\u010cNO Z ZBIRKAMI PODATKOV<\/th>\n<\/tr>\n<tr>\n<td colspan=\"2\">\/<\/td>\n<\/tr>\n<\/tbody>\n<\/table>\n<p>[\/vc_column_text][\/vc_column][\/vc_row]<\/p>\n","protected":false},"excerpt":{"rendered":"<p>[vc_row][vc_column][vc_column_text] 1. OSNOVNI PODATKI O KATALOGU Naziv zavoda: Osnovna \u0161ola Livade Izola Naslov: Livade 7 Po\u0161ta: 6310 Izola Telefon: 05&nbsp;<a href=\"https:\/\/www.oslivade.si\/?page_id=4758\">&hellip;<\/a><\/p>\n","protected":false},"author":1,"featured_media":0,"parent":0,"menu_order":0,"comment_status":"closed","ping_status":"closed","template":"","meta":{"ngg_post_thumbnail":0,"footnotes":""},"class_list":["post-4758","page","type-page","status-publish","hentry","odd"],"_links":{"self":[{"href":"https:\/\/www.oslivade.si\/index.php?rest_route=\/wp\/v2\/pages\/4758"}],"collection":[{"href":"https:\/\/www.oslivade.si\/index.php?rest_route=\/wp\/v2\/pages"}],"about":[{"href":"https:\/\/www.oslivade.si\/index.php?rest_route=\/wp\/v2\/types\/page"}],"author":[{"embeddable":true,"href":"https:\/\/www.oslivade.si\/index.php?rest_route=\/wp\/v2\/users\/1"}],"replies":[{"embeddable":true,"href":"https:\/\/www.oslivade.si\/index.php?rest_route=%2Fwp%2Fv2%2Fcomments&post=4758"}],"version-history":[{"count":15,"href":"https:\/\/www.oslivade.si\/index.php?rest_route=\/wp\/v2\/pages\/4758\/revisions"}],"predecessor-version":[{"id":18129,"href":"https:\/\/www.oslivade.si\/index.php?rest_route=\/wp\/v2\/pages\/4758\/revisions\/18129"}],"wp:attachment":[{"href":"https:\/\/www.oslivade.si\/index.php?rest_route=%2Fwp%2Fv2%2Fmedia&parent=4758"}],"curies":[{"name":"wp","href":"https:\/\/api.w.org\/{rel}","templated":true}]}}